 thousands digit of 1184130?
1
What is the ten thousands digit of 24517065?
1
What is the millions digit of 1398182?
1
What is the ten thousands digit of 378148?
7
What is the thousands digit of 174286?
4
What is the thousands digit of 6239505?
9
What is the ten thousands digit of 111085?
1
What is the thousands digit of 430849?
0
What is the units digit of 2498178?
8
What is the hundreds digit of 2296811?
8
What is the hundred thousands digit of 1315162?
3
What is the thousands digit of 1611688?
1
What is the hundred thousands digit of 274566?
2
What is the tens digit of 2305116?
1
What is the hundreds digit of 3043362?
3
What is the thousands digit of 795648?
5
What is the thousands digit of 737522?
7
What is the hundreds digit of 1602800?
8
What is the tens digit of 317435?
3
What is the tens digit of 1098013?
1
What is the tens digit of 2204?
0
What is the tens digit of 355878?
7
What is the hundred thousands digit of 377619?
3
What is the hundred thousands digit of 4401005?
4
What is the units digit of 1861326?
6
What is the thousands digit of 801491?
1
What is the tens digit of 154423?
2
What is the tens digit of 3367238?
3
What is the units digit of 87854?
4
What is the ten millions digit of 16154344?
1
What is the thousands digit of 10214221?
4
What is the tens digit of 4672326?
2
What is the tens digit of 814773?
7
What is the tens digit of 3281880?
8
What is the tens digit of 4656176?
7
What is the ten thousands digit of 292196?
9
What is the tens digit of 662861?
6
What is the tens digit of 1936359?
5
What is the thousands digit of 2523571?
3
What is the thousands digit of 18012?
8
What is the hundred thousands digit of 1995434?
9
What is the thousands digit of 1014472?
4
What is the ten thousands digit of 220305?
2
What is the units digit of 652956?
6
What is the ten thousands digit of 510702?
1
What is the hundred thousands digit of 391596?
3
What is the hundreds digit of 669500?
5
What is the tens digit of 55502?
0
What is the hundreds digit of 15879136?
1
What is the units digit of 300757?
7
What is the units digit of 159558?
8
What is the ten thousands digit of 178352?
7
What is the ten millions digit of 16217658?
1
What is the thousands digit of 167146?
7
What is the ten thousands digit of 417778?
1
What is the thousands digit of 151031?
1
What is the hundred thousands digit of 7542337?
5
What is the thousands digit of 270166?
0
What is the hundreds digit of 1678174?
1
What is the units digit of 9746999?
9
What is the ten thousands digit of 2959985?
5
What is the thousands digit of 11102999?
2
What is the thousands digit of 485876?
5
What is the ten thousands digit of 324033?
2
What is the hundreds digit of 99518?
5
What is the hundreds digit of 312619?
6
What is the tens digit of 33091?
9
What is the millions digit of 3857709?
3
What is the ten thousands digit of 14460?
1
What is the ten thousands digit of 621693?
2
What is the thousands digit of 498740?
8
What is the hundred thousands digit of 1834269?
8
What is the thousands digit of 3631319?
1
What is the hundreds digit of 4772773?
7
What is the millions digit of 2588390?
2
What is the millions digit of 4097987?
4
What is the hundreds digit of 16359?
3
What is the hundreds digit of 232602?
6
What is the hundreds digit of 187095?
0
What is the hundred thousands digit of 176458?
1
What is the hundreds digit of 628221?
2
What is the tens digit of 1243050?
5
What is the units digit of 153157?
7
What is the millions digit of 1105158?
1
What is the thousands digit of 311409?
1
What is the hundred thousands digit of 3542093?
5
What is the ten thousands digit of 691266?
9
What is the thousands digit of 9044171?
4
What is the ten thousands digit of 465571?
6
What is the units digit of 1978540?
0
What is the hundred thousands digit of 2011687?
0
What is the tens digit of 692335?
3
What is the units digit of 12245236?
6
What is the hundred thousands digit of 754693?
7
What is the hundred thousands digit of 406143?
4
What is the hundreds digit of 22441?
4
What is the hundreds digit of 1048052?
0
What is the ten thousands digit of 376612?
7
What is the hundred thousands digit of 658803?
6
What is the thousands digit of 6377979?
7
What is the tens digit of 1836454?
5
What is the units digit of 105072?
2
What is the hundred thousands digit of 506306?
5
What is the millions digit of 21318357?
1
What is the units digit of 43637?
7
What is the hundreds digit of 105245?
2
What is the units digit of 460378?
8
What is the millions digit of 4175594?
4
What is the units digit of 1693643?
3
What is the tens digit of 211648?
4
What is the units digit of 90067?
7
What is the hundred thousands digit of 627507?
6
What is the hundred thousands digit of 282766?
2
What is the units digit of 452473?
3
What is the tens digit of 896893?
9
What is the hundred thousands digit of 1777264?
7
What is the tens digit of 153365?
6
What is the units digit of 338965?
5
What is the tens digit of 618067?
6
What is the thousands digit of 149988?
9
What is the tens digit of 1310690?
9
What is the hundred thousands digit of 19785237?
7
What is the hundred thousands digit of 21949679?
9
What is the tens digit of 8805490?
9
What is the units digit of 29801127?
7
What is the thousands digit of 12867?
2
What is the thousands digit of 3529177?
9
What is the ten thousands digit of 482028?
8
What is the hundred thousands digit of 979313?
9
What is the hundreds digit of 2645577?
5
What is the ten thousands digit of 786019?
8
What is the units digit of 21582491?
1
What is the hundreds digit of 6383422?
4
What is the ten thousands digit of 1288517?
8
What is the millions digit of 7348960?
7
What is the units digit of 673725?
5
What is the hundreds digit of 10844186?
1
What is the thousands digit of 837168?
7
What is the units digit of 782635?
5
What is the hundreds digit of 63686?
6
What is the hundreds digit of 939331?
3
What is the units digit of 717175?
5
What is the millions digit of 9168650?
9
What is the hundred thousands digit of 634522?
6
What is the units digit of 304564?
4
What is the thousands digit of 398752?
8
What is the tens digit of 281997?
9
What is the hundreds digit of 1464099?
0
What is the tens digit of 702278?
7
What is the units digit of 1303851?
1
What is the hundreds digit of 14033?
0
What is the hundreds digit of 1194851?
8
What is the ten thousands digit of 50059?
5
What is the thousands digit of 592815?
2
What is the hundreds digit of 27218845?
8
What is the hundred thousands digit of 593451?
5
What is the thousands digit of 50312?
0
What is the hundred thousands digit of 129647?
1
What is the millions digit of 3175691?
3
What is the ten thousands digit of 4924042?
2
What is the units digit of 1856184?
4
What is the millions digit of 16545736?
6
What is the hundreds digit of 23588?
5
What is the units digit of 18041948?
8
What is the units digit of 5348417?
7
What is the units digit of 18798906?
6
What is the thousands digit of 1446853?
6
What is the hundreds digit of 15076728?
7
What is the thousands digit of 1097462?
7
What is the tens digit of 570500?
0
What is the hundred thousands digit of 1259231?
2
What is the ten thousands digit of 22215590?
1
What is the tens digit of 752818?
1
What is the hundreds digit of 23218933?
9
What is the millions digit of 2703545?
2
What is the hundreds digit of 30619714?
7
What is the tens digit of 1089352?
5
What is the ten thousands digit of 5903077?
0
What is the tens digit of 193077?
7
What is the thousands digit of 14472409?
2
What is the ten thousands digit of 87195?
8
What is the tens digit of 212858?
5
What is the hundred thousands digit of 558636?
5
What is the ten thousands digit of 991129?
9
What is the thousands digit of 965453?
5
What is the ten thousands digit of 22553887?
5
What is the hundred thousands digit of 4676997?
6
What is the hundreds digit of 86245?
2
What is the hundreds digit of 25307591?
5
What is the hundreds digit of 995427?
4
What is the units digit of 744166?
6
What is the tens digit of 165050?
5
What is the hundred thousands digit of 1822865?
8
What is the hundred thousands digit of 14352734?
3
What is the ten millions digit of 28660501?
2
What is the tens digit of 6394667?
6
What is the tens digit of 4563005?
0
What is the thous